 13*r - 8. Let l be f(8). Calculate the greatest common divisor of l and 12.
12
Let t = 30 + -45. Let k = 33 + t. Suppose 5*v - 13 = -3. Calculate the greatest common factor of v and k.
2
Let m = 157 + -37. Suppose 5 = 2*u - u. Let q(f) = -f**3 + 7*f**2 - 7*f. Let g be q(u). Calculate the highest common divisor of m and g.
15
Suppose -5*u + 2*u + 408 = 0. Calculate the highest common factor of 17 and u.
17
Let u(a) = -a**3 - 5*a**2 + a + 7. Let v be u(-5). Suppose v*l - 3 = -l. What is the highest common divisor of l and 9?
1
Let g(l) = -4*l - 3. Let j be g(-2). Let x = j + 3. What is the greatest common divisor of x and 40?
8
Suppose 12*k - 240 = -36. What is the greatest common divisor of 34 and k?
17
Let l be (1 + 140)*(-5)/15. Let n = 69 + l. What is the greatest common factor of n and 22?
22
Suppose 8*t + 63 = 391. What is the greatest common factor of 123 and t?
41
Suppose 0 = y - 2*o - 7, -5*y + 10 = -5*o - 10. Let p = y - -4. Suppose 0 = p*r + 20, 4*r - 20 = -2*h + 2*r. What is the greatest common divisor of 140 and h?
14
Let p(i) = -i**3 + 7*i**2 + 4*i - 7. Let r be p(6). Let m = r - 35. What is the greatest common divisor of 27 and m?
9
Let v(k) = k - 1. Let n be 5/(-15) + (-8)/(-6). Let i be (4 - 1)*(2 - n). Let b be v(i). Calculate the greatest common factor of 2 and b.
2
Let c = 10 + 8. Calculate the greatest common factor of c and 27.
9
Let b be ((-7)/4)/((-1)/8). Let f be b/((-3)/(12*-1)). Suppose -4*t + f = u + 4*u, -4*t - 2*u = -56. What is the highest common divisor of t and 2?
2
Let h be 2/(-5) - 63/5. Let m = 86 - 154. Let i = h - m. What is the greatest common divisor of i and 11?
11
Let m(w) = 5*w - 4. Let s be m(6). Calculate the greatest common factor of s and 234.
26
Suppose -3*j - 64 = -7*j. Calculate the greatest common divisor of j and 64.
16
Let x = -16 - -44. Suppose 2 = -n + 5*c, 2*n - 14 = -2*n - 2*c. Let i(y) = y**2 - 2*y + 1. Let f be i(n). Calculate the highest common factor of x and f.
4
Suppose -3*k + 188 = 3*b - 5*b, -b = 5*k - 296. Let p = k - 32. Calculate the greatest common factor of p and 14.
14
Suppose -b - 2 = b. Let m(p) = -28*p**3 - 2*p - p**2 - 1 - 2*p + 2*p. Let w be m(b). Calculate the greatest common divisor of w and 70.
14
Let n = 9 - 4. Suppose -n*p + 881 = 251. What is the greatest common divisor of p and 14?
14
Suppose -c - 162 = -3*c. Let l(p) = 8*p**2 + 2*p - 1. Let f be l(1). Calculate the greatest common divisor of f and c.
9
Let y = 53 + -20. Let g(x) = 4*x**2 - 8*x - 1. Let p be g(-1). Calculate the highest common factor of y and p.
11
Let n(o) = -o**3 + 2*o**2 - o + 1. Let a be n(1). Let l = 7 - 0. Calculate the greatest common factor of a and l.
1
Suppose 0 = -3*p - 2*p + 210. Suppose -5*j = -3*n + 13, 2*n - 9 = j + 3*n. Let a = 58 - j. Calculate the greatest common factor of p and a.
21
Let i(u) = u**3 - 7*u**2 - u + 9. Let a be i(7). Suppose a*w = w + 5. Suppose 18 = w*t - 3*t. What is the highest common factor of 18 and t?
9
Let n = 11 - 8. Suppose -3 = 3*f - 0*f, f = g - n. What is the greatest common factor of g and 6?
2
Suppose -s + 72 = 5*q, q - 7*s = -2*s + 4. Calculate the highest common factor of q and 2.
2
Let u be 2/(-8) + 1/4. Let f(z) = z**2 - z + 14. Let a be f(u). Let c(g) = 10*g**2 - 43*g + 7. Let b be c(5). Calculate the greatest common factor of a and b.
14
Suppose -k = -4*h + 18, 34 = 4*h + 5*k + 4. Suppose -3*c + h*p + 274 = 0, c - 354 = -3*c + p. Calculate the highest common divisor of c and 22.
22
Suppose 0 = 5*g - 251 - 204. What is the greatest common factor of 13 and g?
13
Suppose -5*l - 4*y = -19, 5*y - 1 = 4. Suppose a = l*u - 4, 3*u + u = 2*a + 2. What is the greatest common factor of 50 and a?
5
Let u = 7 - 11. Let s = u + 2. Let l be ((-1)/s)/((-1)/(-16)). What is the greatest common factor of l and 4?
4
Let t be 10/4*(-2)/(-1). Let i be 9/(-2)*(-2)/3. Suppose 23 = i*o + 4*b, 19 = 2*o + 3*o - 3*b. What is the highest common divisor of o and t?
5
Suppose 2*u + 46 = v, -5*v + 3*u + 211 + 26 = 0. Calculate the highest common factor of 32 and v.
16
Suppose 0 = -5*a - 38 + 8. Let x be (a + 9)/(6/20). What is the highest common factor of 2 and x?
2
Let v = -30 + 45. What is the greatest common divisor of v and 20?
5
Let v(p) = -p**3 - 3*p**2 - 2*p - 4. Let n be v(-4). Suppose 0 = -w - 6 - 0. Let s be (w/9 - 2)*-3. Calculate the highest common divisor of n and s.
4
Suppose -4*k - k + 385 = 0. Let z be 6/(-21) - 60/(-14). Suppose 3*x + 11 = z*x. What is the greatest common divisor of x and k?
11
Suppose 4*u - 14 + 1 = -3*g, -2*u = 4*g - 14. What is the greatest common divisor of g and 3?
3
Let c = 97 - 82. Let j = 5 - 2. Calculate the highest common factor of j and c.
3
Let d be 20/3 + (-2)/3. Suppose 3*s + d = -3*w, -5*w - s = 2*s + 4. Calculate the greatest common factor of w and 1.
1
Suppose -3*s + 12 = -0*s. Let m(t) = t + 1. Let v be m(s). What is the highest common factor of v and 25?
5
Suppose 5*u + 5*q - 15 = 0, 0*q = -2*u - 5*q + 12. Let r be (-4)/(-2*u/16). Calculate the greatest common divisor of 8 and r.
8
Let i be 4*(-5 - (-125)/20). Suppose 5*h = 2*c + 177, 3*h - 2*c + 0*c - 107 = 0. Calculate the greatest common factor of i and h.
5
Suppose w = 1 + 3. Suppose w*x = 2*p + p - 7, 31 = 4*p - x. Suppose -3*y + 77 = -y + 5*u, -141 = -4*y + 3*u. Calculate the greatest common divisor of p and y.
9
Let c(n) be the first derivative of 4*n**3/3 + 3*n**2 + 2*n + 2. Let b be c(-5). Calculate the highest common factor of 9 and b.
9
Let h be 0 + (-3 - -5 - -6). Calculate the greatest common divisor of h and 32.
8
Let f be 11/2*(1 + 1). Let o be -8 + 7 + (-169 - -1). Let w = o - -268. Calculate the greatest common divisor of f and w.
11
Suppose -5*v - 4*s + 160 - 40 = 0, 48 = 2*v + 2*s. Let h be (-7 + 1)/(6/(-16)). Calculate the highest common divisor of v and h.
8
Suppose 4*y + 11 = 107. What is the highest common factor of y and 168?
24
Let n(r) = 5*r - 64. Let j be n(20). Suppose -v + 17 + 73 = 0. Calculate the highest common factor of j and v.
18
Let w be (16/(-10))/(2/(-25)). Let u = 13 - 15. Let v(a) = 4*a**2 + 5*a + 4. Let o be v(u). Calculate the greatest common factor of w and o.
10
Let q be (-3752)/(-112) - ((-5)/(-2) + -2). Let v be 1 - (-2 + (-1 - -1)). What is the greatest common factor of q and v?
3
Suppose -3*l + 54 = -156. What is the greatest common factor of l and 10?
10
Let h = -4 - -19. Suppose 2*r - 4*s = -0 + 6, -3*s - 8 = -5*r. Let v be 3 - 2 - (r - 60). What is the greatest common divisor of v and h?
15
Let d(f) be the first derivative of f**4/4 - 8*f**3/3 - 3*f**2/2 - 3*f - 1. Let k be d(9). What is the highest common divisor of 34 and k?
17
Let j be 19 + -2 + 0/(-1). What is the greatest common factor of 51 and j?
17
Suppose -5*p + 381 = -59. Suppose j - 4*j = -33. Calculate the highest common factor of p and j.
11
Let b be 8/(-28) + 186/14. What is the greatest common divisor of b and 26?
13
Suppose 11*k = 29 + 59. What is the highest common factor of 2 and k?
2
Let z = -14 + 30. What is the highest common divisor of 16 and z?
16
Let t(c) = 55*c**2 - 1. Let d be t(1). Let i be 4/6*d/2. What is the greatest common divisor of 3 and i?
3
Suppose -3*c + 4*n - 1175 + 145 = 0, 3*c - 2*n = -1034. Let w = 490 + c. Suppose -6*q + 4*q + 36 = 0. Calculate the greatest common factor of w and q.
18
Let j(o) = o**2 - 5*o + 27. Let f be j(9). Calculate the highest common divisor of 9 and f.
9
Suppose z - 88 = -3*m, 2*m - z = -m + 92. Suppose m = -2*h + 150. What is the greatest common divisor of 40 and h?
20
Let r(u) = 11 - 3*u**2 - 3 - u + 2*u**2 + 2*u. Let l be r(0). Suppose 4*j = 8 + l. What is the highest common factor of j and 28?
4
Suppose 2*o - 459 = -o. Suppose -2*d - 1 = -35. What is the greatest common factor of o and d?
17
Suppose -8*c + 296 = 8. Let w(g) = g**2 - 5*g + 6. Let v be w(4). Let l be 1 + v + 0 + 9. What is the highest common divisor of c and l?
12
Suppose 2*y + 12 = y + 4*h, 36 = 2*y + 4*h. Calculate the highest common factor of y and 8.
8
Suppose 14*f - 12 = 10*f. Let n = 35 + -20. Calculate the greatest common factor of f and n.
3
Let x = 2 + 9. Suppose c - x = 1. Suppose -4*u + 7*u + q - 393 = 0, 0 = q + 3. What is the highest common divisor of u and c?
12
Let n(f) = -f**2 + 6*f + 1. Let x be n(6). Let v(y) = -6*y +